be l/8*(-8)/12. Calculate the greatest common divisor of z and 1.
1
Let r(v) = 29*v. Let f be r(-1). Let c = f + 40. What is the highest common divisor of c and 1?
1
Suppose 57 = x + n - 92, -2*n + 730 = 5*x. Calculate the greatest common divisor of x and 135.
9
Let d(i) = -i + 35. Let o be d(18). Let l(w) = -w + 11. Let k be l(11). Let r = 51 + k. Calculate the greatest common factor of o and r.
17
Suppose -3*t + h = -17, 9 = 2*t - 7*h + 4*h. Let x = t + 19. Let g = 40 - x. What is the greatest common factor of 105 and g?
15
Let r(s) = -11*s - 553. Let y be r(-52). What is the highest common divisor of y and 437?
19
Let j(m) = -m**3 + 10*m**2 - 9*m + 1. Let a be j(9). Suppose a = -o - 0. Let u = o + 7. Calculate the greatest common divisor of 9 and u.
3
Suppose -5*w + 183 + 47 = 3*d, -w - 3*d + 46 = 0. Calculate the highest common divisor of 115 and w.
23
Let r be 4 + (-8)/(-2) + 50. Let o be r/18 + 21/27 + -1. Calculate the greatest common divisor of 6 and o.
3
Let l be (10 - 2) + (9 - 9). Let d = l - -2. Calculate the greatest common divisor of d and 25.
5
Suppose 10*r + 825 + 255 = 0. Let k = r - -114. Calculate the highest common divisor of k and 54.
6
Let d be 4/(-48)*-8*54. What is the greatest common divisor of 36 and d?
36
Suppose v - 2*n = -4, -n + 2 - 10 = -3*v. Let l = 5 + 37. Let a be ((-36)/(-21))/(2/l). Calculate the highest common divisor of a and v.
4
Suppose -5 - 3 = 2*w, -4*f - 2*w = -280. What is the highest common divisor of f and 36?
36
Let b(o) = o**3 - 3*o**2 + 2*o + 3. Suppose -5 = -5*i + 10. Let d be b(i). Let h = 24 + d. Calculate the greatest common factor of 3 and h.
3
Suppose -23*w + 13 = s - 22*w, -5*s = 4*w - 65. What is the greatest common divisor of 2197 and s?
13
Suppose 30*h - 41*h = -275. What is the highest common divisor of 40 and h?
5
Let a(x) = -x**3 + 6*x**2 - 4*x + 2. Let u be a(4). Let d(v) = 45*v - 471. Let b be d(11). What is the highest common factor of b and u?
6
Let l be 12/(-30) - 32/(-5). Let p(z) = z**2 - 6*z + 1. Let y be p(l). Suppose f = 11 + y. What is the highest common factor of 12 and f?
12
Let o be (-5)/20 + (-45)/(-36). What is the highest common factor of 4 and o?
1
Let t be (-2)/(-4) - 148/8. Let g be (4 + 2)*-3*4/t. Let c = -3 + 5. What is the highest common factor of g and c?
2
Let h be 4154/4 + (-19)/38. Suppose -3*u = 3*f + 2*f - h, 0 = -3*f + u + 620. Calculate the greatest common factor of 9 and f.
9
Suppose -2 = j - 3*c, 2*j + 2*j - c = 14. Let d be (j/6)/((-5)/(-15)). Suppose d*m + 300 = 3*m. Calculate the greatest common divisor of 30 and m.
30
Let a(t) = -12*t - 28. Let b be a(-6). Let i be 1/(2/(133 + -1)). Calculate the greatest common factor of b and i.
22
Let p(w) = w + 224. Let o be p(23). Calculate the highest common factor of 91 and o.
13
Let y = -11 + 13. Let f(u) be the first derivative of u**4/4 + u**3 - u**2 - 4*u - 5. Let g be f(-3). What is the greatest common factor of g and y?
2
Let k = -220 - -121. Let t be (-2)/(-22)*724 - 18/k. Calculate the greatest common factor of t and 110.
22
Let u = 438 + -261. What is the highest common divisor of 59 and u?
59
Suppose -16*j + 80*j - 4864 = 0. What is the highest common divisor of 437 and j?
19
Suppose 0*t = -6*t + 180. Calculate the greatest common divisor of 1095 and t.
15
Let n(d) = 13*d - 1. Let c be n(1). Let q = 8 - c. Let j be (q/(-3))/((-2)/(-45)). Calculate the highest common divisor of 10 and j.
10
Suppose 0 = -2*x - 11*x - 26. Let c be (-13 + 21)*1/(-4)*x. Calculate the greatest common factor of c and 2.
2
Let a(x) = 18*x + 20. Let c be a(6). Suppose -17*r + c = -13*r. Calculate the greatest common factor of r and 48.
16
Let m(o) = -87*o - 252. Let l be m(-9). Calculate the highest common divisor of 295 and l.
59
Let n = 443 + -391. What is the greatest common factor of n and 598?
26
Suppose 5*a - 167 = -3*y + y, -a = -3*y - 47. What is the highest common divisor of a and 21?
7
Let v = -41 + 50. Let k be (v/(-15) - -1)*40/1. What is the highest common factor of 4 and k?
4
Let u = -175 + 121. Let k = u + 81. Let m = 10 + 8. Calculate the greatest common factor of k and m.
9
Let u(f) = -37*f - 229. Let y be u(-8). What is the highest common factor of 603 and y?
67
Let w = -6 + 11. Let c be -11 + -266*(-24)/84. Calculate the highest common divisor of c and w.
5
Let j be -1 + (2 + 1)*-1 - -112. What is the highest common factor of 270 and j?
54
Let c(j) = 0 + 3 + 6*j - 5*j - 1. Let f be c(10). Suppose h = 4*v + 96 + 16, 5*h + 4*v = 680. What is the highest common factor of f and h?
12
Let w be (-68)/11 + 10/55 + 762. Calculate the greatest common factor of w and 36.
36
Suppose -96 = j - 166. Calculate the highest common divisor of 10 and j.
10
Let a(k) = 3*k**2 - 4*k - 24. Let h be a(8). Calculate the highest common factor of h and 32.
8
Let s = 53460 + -53418. Let b be (1 - 1)/(-2) + 18. What is the highest common divisor of s and b?
6
Let u(h) = 93*h**2 + 6*h - 1. Let r be u(1). Let z = r - 48. What is the greatest common factor of z and 30?
10
Let s be ((-8308)/(-335))/((-4)/(-110)). Calculate the greatest common factor of s and 44.
22
Suppose -3*m + 71 = 5*p, 17*m - 18*m = -3*p + 37. Calculate the greatest common divisor of 13 and p.
13
Suppose 53*k - 2 = 51*k, 2*n - 5*k = 203. Calculate the greatest common factor of n and 13.
13
Let k(y) = -y**3 + 8*y**2 - y + 3. Let r be k(7). What is the greatest common factor of 225 and r?
45
Suppose 9*h = 336 + 960. What is the highest common divisor of h and 36?
36
Suppose 5*k - 112 = 3*o, 5*o + 11 = -4*k + 71. What is the highest common factor of k and 12?
4
Suppose 2*g = 32 + 16. Suppose -120 = -4*h - h - 3*y, -y - g = -h. Calculate the greatest common divisor of 8 and h.
8
Let q(z) = -z**2 + 7*z + 9. Let v be q(7). Calculate the greatest common factor of 7 and v.
1
Suppose 0 = 2*v + 3*m - 10 - 21, 2*v - 2*m - 6 = 0. Suppose -v*z + 17 = 1. What is the greatest common factor of 4 and z?
2
Let j(o) = o - 7. Let y be (-56)/(-6) + 16/24. Let t be j(y). Let i be (-2)/t*90/(-12). What is the greatest common divisor of 55 and i?
5
Suppose 15 + 3 = s + q, 2*s - q - 21 = 0. Let z = -181 + 276. Suppose -2*d = -z - 113. Calculate the greatest common divisor of d and s.
13
Suppose 5*v - 2*i = 152, 92 = 3*v + 5*i + 7. Suppose 0 = 2*g - g. Let d(l) = -2*l + 45. Let q be d(g). What is the greatest common factor of q and v?
15
Let d(p) = p**2 - p + 4. Let v be d(2). Suppose -4*k + 2 - 1 = 5*u, -3*k + 4*u = 7. Let f = k - -10. What is the greatest common divisor of f and v?
3
Let m(z) = -z**3 - 14*z**2 - 15*z - 26. Let n be m(-13). Suppose o + 2*r - 15 = n, 4*r + 14 = -o + 3*o. What is the greatest common factor of o and 33?
11
Let i(f) = -12*f + 93. Let b be i(4). Calculate the highest common factor of 30 and b.
15
Suppose -5*i = 3*o - 220, 5*i - 8 = 17. Let s be 45/9*2/2. Suppose -s*j = -2*y + 31, 4*j - 3*j + 66 = 5*y. What is the highest common factor of o and y?
13
Let n be ((-50)/(-70) + 1)*35/10. Suppose -144 + 54 = -3*p. Calculate the greatest common factor of n and p.
6
Let o = -44 + 31. Let v = o - -35. Let x(c) = -c**3 - c**2 + 11. Let h be x(0). What is the greatest common factor of h and v?
11
Let a = -1228 - -1246. Suppose -g = 5*o - 225, o - 45 = -2*g - 3*g. Calculate the greatest common divisor of a and o.
9
Let g = -17 + 13. Let z be (-8)/(-3)*((-46)/g + -1). What is the highest common factor of z and 84?
28
Let t be -3*(-6)/(-9) + 61. Suppose -79 = -3*n + 4*b, 0*n + 3*n + b - t = 0. Calculate the greatest common divisor of 63 and n.
21
Let h = 46 + -36. Let q = h + -9. What is the highest common factor of 8 and q?
1
Suppose -29 = -3*g + 34. Calculate the highest common factor of 567 and g.
21
Let n = -965 - -1039. What is the highest common factor of n and 2368?
74
Let d be 59 - (3 + (0 - -1)). Calculate the greatest common factor of d and 10.
5
Let i be (-2 - 0) + 3 - 1. Suppose -4*y + t = 1, i*y - 3*y + 8 = t. Suppose -a = -3 - 8. What is the highest common divisor of y and a?
1
Let k be 4 - 1/(-2 + 1). Suppose -p - 2*p = -k*h + 136, p = -2. Let j = -86 - -125. Calculate the highest common divisor of j and h.
13
Suppose 8*o + 12 = 5*o, 5*o = -3*j + 73. What is the highest common divisor of j and 465?
31
Suppose 2*q + 0 - 2 = -4*x, -5 = 2*x - 5*q. Suppose j